
List the prime factors of 8695276.
2, 2173819
List the prime factors of 388171174.
2, 8117, 23911
List the prime factors of 1611181441.
23, 211, 331997
What are the prime factors of 54193940?
2, 5, 431, 6287
What are the prime factors of 53527851?
3, 13, 152501
What are the prime factors of 575269874?
2, 811, 354667
What are the prime factors of 491360527?
7, 43, 1632427
What are the prime factors of 8261383823?
7, 11, 23, 4664813
List the prime factors of 636098984.
2, 419, 189767
What are the prime factors of 77231894?
2, 239, 161573
What are the prime factors of 1612866532?
2, 43, 53, 176927
List the prime factors of 74022157.
11, 19, 149, 2377
List the prime factors of 111201591.
3, 3163, 11719
What are the prime factors of 3760753524?
2, 3, 11, 19, 29, 1783
List the prime factors of 56881414.
2, 107, 157, 1693
What are the prime factors of 104600896?
2, 563, 2903
List the prime factors of 84617801.
84617801
What are the prime factors of 745534241?
745534241
What are the prime factors of 15316499?
11, 373, 3733
List the prime factors of 164164250.
2, 5, 656657
What are the prime factors of 31320818?
2, 1087, 14407
List the prime factors of 155522371.
155522371
What are the prime factors of 253466210?
2, 5, 23, 1102027
List the prime factors of 288996921.
3, 32110769
What are the prime factors of 138776863?
31, 181, 24733
What are the prime factors of 12036586?
2, 6018293
List the prime factors of 3241683644.
2, 13457, 60223
What are the prime factors of 318670969?
318670969
What are the prime factors of 4348424956?
2, 1087106239
List the prime factors of 166521401.
599, 277999
What are the prime factors of 266754531?
3, 17, 107, 48883
What are the prime factors of 56900396?
2, 7, 2032157
List the prime factors of 491983135.
5, 7, 73, 192557
List the prime factors of 2286328646.
2, 7, 337, 484597
List the prime factors of 1658431898.
2, 829215949
List the prime factors of 2117766771.
3, 19, 71, 174431
What are the prime factors of 15925742?
2, 7, 1137553
What are the prime factors of 75141965?
5, 331, 45403
What are the prime factors of 187254404?
2, 101, 463501
List the prime factors of 7713576699.
3, 19, 53, 307, 8317
What are the prime factors of 5663035020?
2, 3, 5, 94383917
List the prime factors of 3557658522.
2, 3, 11, 103, 577, 907
What are the prime factors of 72795741?
3, 151, 160697
What are the prime factors of 981916262?
2, 490958131
List the prime factors of 1744847855.
5, 348969571
What are the prime factors of 1109708018?
2, 554854009
What are the prime factors of 1743263027?
11, 83, 349, 5471
What are the prime factors of 1259563259?
1259563259
List the prime factors of 23427526.
2, 47, 249229
What are the prime factors of 16047679?
89, 180311
What are the prime factors of 4174688824?
2, 89, 5863327
What are the prime factors of 159413320?
2, 5, 11, 362303
What are the prime factors of 603525574?
2, 37, 8155751
List the prime factors of 151601215.
5, 30320243
What are the prime factors of 1484991508?
2, 7, 11, 13, 47, 607
What are the prime factors of 59943413?
163, 367751
What are the prime factors of 1411173?
3, 156797
List the prime factors of 40411938.
2, 3, 7, 163, 5903
What are the prime factors of 34613863?
34613863
List the prime factors of 2235939535.
5, 17, 733, 2111
What are the prime factors of 1432954785?
3, 5, 95530319
What are the prime factors of 256452487?
83, 3089789
What are the prime factors of 23398659?
3, 23, 41, 919
List the prime factors of 50497154.
2, 769, 32833
What are the prime factors of 627983286?
2, 3, 7, 3671, 4073
List the prime factors of 1767975382.
2, 127, 6960533
List the prime factors of 62068456.
2, 127, 61091
What are the prime factors of 425868345?
3, 5, 7, 23, 43, 1367
List the prime factors of 153268227.
3, 7, 115849
List the prime factors of 4726408.
2, 17, 23, 1511
What are the prime factors of 1199834005?
5, 239966801
What are the prime factors of 4465352004?
2, 3, 127, 2930021
What are the prime factors of 14888923?
7, 17, 125117
What are the prime factors of 101264736?
2, 3, 907, 1163
What are the prime factors of 4899431355?
3, 5, 7, 13, 512761
What are the prime factors of 27243811?
7, 43, 90511
What are the prime factors of 110114294?
2, 23, 31, 37, 2087
List the prime factors of 39206010.
2, 3, 5, 31, 42157
List the prime factors of 81051154.
2, 40525577
What are the prime factors of 37071292?
2, 9267823
What are the prime factors of 742801761?
3, 13, 367, 17299
List the prime factors of 170220917.
2861, 59497
What are the prime factors of 1499829458?
2, 749914729
What are the prime factors of 243436046?
2, 7, 17388289
What are the prime factors of 463433058?
2, 3, 11, 593, 3947
What are the prime factors of 2351485266?
2, 3, 13, 2319019
List the prime factors of 2026544993.
11, 17, 10837139
What are the prime factors of 107131570?
2, 5, 7, 13, 117727
List the prime factors of 123165718.
2, 13, 4737143
List the prime factors of 280972444.
2, 971, 72341
What are the prime factors of 793084172?
2, 113, 653, 2687
List the prime factors of 478250797.
61, 7840177
What are the prime factors of 22018394?
2, 41, 268517
What are the prime factors of 727920929?
41, 1021, 17389
What are the prime factors of 35383731?
3, 2029, 5813
What are the prime factors of 2258120058?
2, 3, 5923, 63541
List the prime factors of 610696535.
5, 43, 2840449
What are the prime factors of 1317483?
3, 17, 79, 109
List the prime factors of 318376305.
3, 5, 13, 37, 4903
What are the prime factors of 567686339?
11, 29, 53, 33577
List the prime factors of 4737264.
2, 3, 7, 23, 613
What are the prime factors of 86400555?
3, 5, 229, 25153
What are the prime factors of 77221139?
239, 323101
List the prime factors of 3283962495.
3, 5, 11, 89, 113, 1979
What are the prime factors of 243501030?
2, 3, 5, 17, 167, 953
What are the prime factors of 6064807648?
2, 809, 234271
What are the prime factors of 1598114883?
3, 31, 53, 89, 3643
What are the prime factors of 104573074?
2, 19, 109, 25247
List the prime factors of 581317071.
3, 239, 810763
List the prime factors of 170325875.
5, 1362607
List the prime factors of 65375010.
2, 3, 5, 19, 38231
What are the prime factors of 62884491?
3, 3539, 5923
What are the prime factors of 117353581?
117353581
What are the prime factors of 173823553?
3727, 46639
What are the prime factors of 80628737?
7, 31, 371561
What are the prime factors of 897783341?
7, 13, 1409393
List the prime factors of 86212541.
131, 658111
What are the prime factors of 1953691120?
2, 5, 24421139
What are the prime factors of 3029088367?
29, 631, 165533
List the prime factors of 73121132.
2, 7, 53, 7039
List the prime factors of 575936782.
2, 15493, 18587
List the prime factors of 61296127.
23, 107, 24907
What are the prime factors of 1404391111?
701, 2003411
List the prime factors of 120909113.
13, 59, 157639
List the prime factors of 3052380410.
2, 5, 109, 353, 7933
What are the prime factors of 44727587?
44727587
What are the prime factors of 132346154?
2, 1823, 36299
List the prime factors of 756903961.
11, 68809451
List the prime factors of 2268429221.
17, 6701, 19913
What are the prime factors of 10654344?
2, 3, 147977
List the prime factors of 127198326.
2, 3, 23, 877, 1051
List the prime factors of 1449617808.
2, 3, 30200371
What are the prime factors of 26853295?
5, 7, 311, 2467
List the prime factors of 1306063790.
2, 5, 31, 409, 10301
What are the prime factors of 39898110?
2, 3, 5, 7, 313, 607
List the prime factors of 36472618.
2, 7, 13, 23, 8713
What are the prime factors of 365465596?
2, 5171, 17669
What are the prime factors of 52017936?
2, 3, 1083707
What are the prime factors of 46168810?
2, 5, 4616881
List the prime factors of 3182643431.
11, 19, 59, 258101
What are the prime factors of 6027084372?
2, 3, 13901, 36131
List the prime factors of 24697161.
3, 2744129
What are the prime factors of 60798798?
2, 3, 23, 146857
What are the prime factors of 41533342?
2, 20766671
What are the prime factors of 113911355?
5, 22782271
What are the prime factors of 475851034?
2, 1621, 146777
List the prime factors of 6690141873.
3, 743349097
What are the prime factors of 7344365?
5, 7, 31, 967
List the prime factors of 57749522.
2, 28874761
What are the prime factors of 843240807?
3, 1801,